{"id":98,"date":"2016-03-30T11:19:09","date_gmt":"2016-03-30T17:19:09","guid":{"rendered":"http:\/\/www.suwebmaster.info\/fecacso\/?page_id=98"},"modified":"2020-02-24T16:24:43","modified_gmt":"2020-02-24T22:24:43","slug":"el-salvador","status":"publish","type":"page","link":"http:\/\/fecacso.com\/?page_id=98","title":{"rendered":"El Salvador"},"content":{"rendered":"<h1>El Salvador\u00a0<a href=\"http:\/\/www.fecacso.com\/wp-content\/uploads\/2016\/03\/El-Salvador.gif\"><img loading=\"lazy\" decoding=\"async\" class=\"alignnone wp-image-188\" src=\"http:\/\/www.fecacso.com\/wp-content\/uploads\/2016\/03\/El-Salvador.gif\" alt=\"El Salvador\" width=\"50\" height=\"33\" \/><br \/>\n<\/a><a href=\"http:\/\/www.fecacso.com\/wp-content\/uploads\/2016\/03\/lugares-turisticos-El-Salvador.jpg\"><img loading=\"lazy\" decoding=\"async\" class=\"alignnone wp-image-189\" src=\"http:\/\/www.fecacso.com\/wp-content\/uploads\/2016\/03\/lugares-turisticos-El-Salvador.jpg\" alt=\"lugares turisticos El Salvador\" width=\"700\" height=\"117\" srcset=\"http:\/\/fecacso.com\/wp-content\/uploads\/2016\/03\/lugares-turisticos-El-Salvador.jpg 600w, http:\/\/fecacso.com\/wp-content\/uploads\/2016\/03\/lugares-turisticos-El-Salvador-300x50.jpg 300w\" sizes=\"(max-width: 700px) 100vw, 700px\" \/><br \/>\n<\/a><\/h1>\n<p><a href=\"http:\/\/fecacso.com\/wp-content\/uploads\/2020\/02\/WhatsApp-Image-2019-06-23-at-09.23.57.jpeg\"><img loading=\"lazy\" decoding=\"async\" class=\"alignnone size-medium wp-image-641\" src=\"http:\/\/fecacso.com\/wp-content\/uploads\/2020\/02\/WhatsApp-Image-2019-06-23-at-09.23.57-300x115.jpeg\" alt=\"\" width=\"300\" height=\"115\" srcset=\"http:\/\/fecacso.com\/wp-content\/uploads\/2020\/02\/WhatsApp-Image-2019-06-23-at-09.23.57-300x115.jpeg 300w, http:\/\/fecacso.com\/wp-content\/uploads\/2020\/02\/WhatsApp-Image-2019-06-23-at-09.23.57.jpeg 511w\" sizes=\"(max-width: 300px) 100vw, 300px\" \/><\/a><\/p>\n<p>Asociaci\u00f3n Salvadore\u00f1a de Salud Ocupacional y Medicina Empresarial<\/p>\n<p>Facebook: <a class=\"_64-f\" href=\"https:\/\/www.facebook.com\/Asociaci%C3%B3n-Salvadore%C3%B1a-De-Salud-Ocupacional-Y-Medicina-Empresarial-Assome-1276939939081466\/\">Asociaci\u00f3n Salvadore\u00f1a De Salud Ocupacional Y Medicina Empresarial &#8211; Assome<\/a><\/p>\n<p>&nbsp;<\/p>\n<h1 style=\"text-align: center;\"><em><strong>Junta Directiva periodo 2019-2021<\/strong><\/em><a href=\"http:\/\/www.fecacso.com\/wp-content\/uploads\/2016\/03\/IMG-20170615-WA0001.jpg\"><br \/>\n<\/a><\/h1>\n<p><img loading=\"lazy\" decoding=\"async\" class=\"wp-image-642 aligncenter\" src=\"http:\/\/fecacso.com\/wp-content\/uploads\/2020\/02\/ASSOME-300x239.jpeg\" alt=\"\" width=\"520\" height=\"414\" srcset=\"http:\/\/fecacso.com\/wp-content\/uploads\/2020\/02\/ASSOME-300x239.jpeg 300w, http:\/\/fecacso.com\/wp-content\/uploads\/2020\/02\/ASSOME-768x612.jpeg 768w, http:\/\/fecacso.com\/wp-content\/uploads\/2020\/02\/ASSOME-1024x816.jpeg 1024w, http:\/\/fecacso.com\/wp-content\/uploads\/2020\/02\/ASSOME.jpeg 1177w\" sizes=\"(max-width: 520px) 100vw, 520px\" \/><\/p>\n<p style=\"text-align: center;\">De Izquierda a derecha<br \/>\n1- Lic. Ingrid Barraza VOCAL<br \/>\n2- Dra. Regina Melendez VOCAL<br \/>\n3- Dr. Hernan Leiva SECRETARIO<br \/>\n4- Dra. Patricia Moreira PRESIDENTE<br \/>\n5- Dra. Jessica V\u00e1zquez VICEPRESIDENTE<br \/>\n6- Dra. Yohanna Flores VOCAL<br \/>\n7- Dra. Elvia Abrego TESORERO<\/p>\n<p>&nbsp;<\/p>\n<p>&nbsp;<\/p>\n<p>&nbsp;<\/p>\n<p>&nbsp;<\/p>\n","protected":false},"excerpt":{"rendered":"<p>El Salvador\u00a0 Asociaci\u00f3n Salvadore\u00f1a de Salud Ocupacional y Medicina Empresarial Facebook: Asociaci\u00f3n Salvadore\u00f1a De Salud Ocupacional Y Medicina Empresarial &#8211; Assome &nbsp; Junta Directiva periodo 2019-2021 De Izquierda a derecha 1- Lic. Ingrid Barraza VOCAL 2- Dra. Regina Melendez VOCAL<\/p>\n","protected":false},"author":2,"featured_media":0,"parent":0,"menu_order":0,"comment_status":"open","ping_status":"open","template":"","meta":{"footnotes":""},"_links":{"self":[{"href":"http:\/\/fecacso.com\/index.php?rest_route=\/wp\/v2\/pages\/98"}],"collection":[{"href":"http:\/\/fecacso.com\/index.php?rest_route=\/wp\/v2\/pages"}],"about":[{"href":"http:\/\/fecacso.com\/index.php?rest_route=\/wp\/v2\/types\/page"}],"author":[{"embeddable":true,"href":"http:\/\/fecacso.com\/index.php?rest_route=\/wp\/v2\/users\/2"}],"replies":[{"embeddable":true,"href":"http:\/\/fecacso.com\/index.php?rest_route=%2Fwp%2Fv2%2Fcomments&post=98"}],"version-history":[{"count":8,"href":"http:\/\/fecacso.com\/index.php?rest_route=\/wp\/v2\/pages\/98\/revisions"}],"predecessor-version":[{"id":645,"href":"http:\/\/fecacso.com\/index.php?rest_route=\/wp\/v2\/pages\/98\/revisions\/645"}],"wp:attachment":[{"href":"http:\/\/fecacso.com\/index.php?rest_route=%2Fwp%2Fv2%2Fmedia&parent=98"}],"curies":[{"name":"wp","href":"https:\/\/api.w.org\/{rel}","templated":true}]}}

<h1>El Salvador <a href="http://www.fecacso.com/wp-content/uploads/2016/03/El-Salvador.gif"><img loading="lazy" decoding="async" class="alignnone wp-image-188" src="http://www.fecacso.com/wp-content/uploads/2016/03/El-Salvador.gif" alt="El Salvador" width="50" height="33" /><br />
</a><a href="http://www.fecacso.com/wp-content/uploads/2016/03/lugares-turisticos-El-Salvador.jpg"><img loading="lazy" decoding="async" class="alignnone wp-image-189" src="http://www.fecacso.com/wp-content/uploads/2016/03/lugares-turisticos-El-Salvador.jpg" alt="lugares turisticos El Salvador" width="700" height="117" srcset="http://fecacso.com/wp-content/uploads/2016/03/lugares-turisticos-El-Salvador.jpg 600w, http://fecacso.com/wp-content/uploads/2016/03/lugares-turisticos-El-Salvador-300x50.jpg 300w" sizes="(max-width: 700px) 100vw, 700px" /><br />
</a></h1>
<p><a href="http://fecacso.com/wp-content/uploads/2020/02/WhatsApp-Image-2019-06-23-at-09.23.57.jpeg"><img loading="lazy" decoding="async" class="alignnone size-medium wp-image-641" src="http://fecacso.com/wp-content/uploads/2020/02/WhatsApp-Image-2019-06-23-at-09.23.57-300x115.jpeg" alt="" width="300" height="115" srcset="http://fecacso.com/wp-content/uploads/2020/02/WhatsApp-Image-2019-06-23-at-09.23.57-300x115.jpeg 300w, http://fecacso.com/wp-content/uploads/2020/02/WhatsApp-Image-2019-06-23-at-09.23.57.jpeg 511w" sizes="(max-width: 300px) 100vw, 300px" /></a></p>
<p>Asociación Salvadoreña de Salud Ocupacional y Medicina Empresarial</p>
<p>Facebook: <a class="_64-f" href="https://www.facebook.com/Asociaci%C3%B3n-Salvadore%C3%B1a-De-Salud-Ocupacional-Y-Medicina-Empresarial-Assome-1276939939081466/">Asociación Salvadoreña De Salud Ocupacional Y Medicina Empresarial &#8211; Assome</a></p>
<p>&nbsp;</p>
<h1 style="text-align: center;"><em><strong>Junta Directiva periodo 2019-2021</strong></em><a href="http://www.fecacso.com/wp-content/uploads/2016/03/IMG-20170615-WA0001.jpg"><br />
</a></h1>
<p><img loading="lazy" decoding="async" class="wp-image-642 aligncenter" src="http://fecacso.com/wp-content/uploads/2020/02/ASSOME-300x239.jpeg" alt="" width="520" height="414" srcset="http://fecacso.com/wp-content/uploads/2020/02/ASSOME-300x239.jpeg 300w, http://fecacso.com/wp-content/uploads/2020/02/ASSOME-768x612.jpeg 768w, http://fecacso.com/wp-content/uploads/2020/02/ASSOME-1024x816.jpeg 1024w, http://fecacso.com/wp-content/uploads/2020/02/ASSOME.jpeg 1177w" sizes="(max-width: 520px) 100vw, 520px" /></p>
<p style="text-align: center;">De Izquierda a derecha<br />
1- Lic. Ingrid Barraza VOCAL<br />
2- Dra. Regina Melendez VOCAL<br />
3- Dr. Hernan Leiva SECRETARIO<br />
4- Dra. Patricia Moreira PRESIDENTE<br />
5- Dra. Jessica Vázquez VICEPRESIDENTE<br />
6- Dra. Yohanna Flores VOCAL<br />
7- Dra. Elvia Abrego TESORERO</p>
<p>&nbsp;</p>
<p>&nbsp;</p>
<p>&nbsp;</p>
<p>&nbsp;</p>

<p>El Salvador  Asociación Salvadoreña de Salud Ocupacional y Medicina Empresarial Facebook: Asociación Salvadoreña De Salud Ocupacional Y Medicina Empresarial &#8211; Assome &nbsp; Junta Directiva periodo 2019-2021 De Izquierda a derecha 1- Lic. Ingrid Barraza VOCAL 2- Dra. Regina Melendez VOCAL</p>
