{"id":278,"date":"2016-08-09T19:32:13","date_gmt":"2016-08-10T01:32:13","guid":{"rendered":"http:\/\/www.suwebmaster.info\/fecacso\/?page_id=278"},"modified":"2018-04-20T16:42:54","modified_gmt":"2018-04-20T22:42:54","slug":"sitios-de-interes","status":"publish","type":"page","link":"http:\/\/fecacso.com\/?page_id=278","title":{"rendered":"Sitios de Inter\u00e9s"},"content":{"rendered":"<p><a href=\"http:\/\/www.semac.org.mx\/index.php?option=com_content&amp;view=category&amp;id=53:asociaciones-internacionales-de-ergonomia&amp;layout=blog&amp;Itemid=72&amp;layout=default\">Asociaciones Internacionales de Ergonom\u00eda<\/a><\/p>\n<p><a href=\"http:\/\/www.iea.cc\/\">Internacional de\u00a0Ergonom\u00eda\u00a0Asociaci\u00f3n<\/a><br \/>\nLa AIE\u00a0es\u00a0La Asociaci\u00f3n\u00a0Que represen profesional El Estudio y la Aplicaci\u00f3n de la ergonom\u00eda de una internacional Nivel de las Naciones Unidas.<\/p>\n<p><a href=\"http:\/\/isoes.info\/index.htm\">Sociedad Internacional para el Trabajo Ergonom\u00eda y Seguridad<\/a><br \/>\nSe dedica a la promoci\u00f3n de la ergonom\u00eda y seguridad en el trabajo.\u00a0La sociedad es el principal patrocinador del internacional anual de ergonom\u00eda y seguridad (Conferencia ISOES).<\/p>\n<p><a href=\"http:\/\/www.ulaergo.net\/\">Uni\u00f3n\u00a0Latinoamericana\u00a0de Ergonom\u00eda<\/a><br \/>\nEstimula el inter\u00e9s por conocer y APLICAR la ergonom\u00eda, e Impulsa y apoya la Creaci\u00f3n y Desarrollo de Sociedades o Asociaciones Nacionales de Ergonom\u00eda en los Pa\u00edses Latinoamericanos.<\/p>\n<p><a href=\"http:\/\/sochergo.ergonomia.cl\/\">Sociedad Chilena de Ergonom\u00eda<\/a><br \/>\nAsociaci\u00f3n voluntaria, Dedicada a la Difusi\u00f3n, Investigaci\u00f3n y Promoci\u00f3n de la Ergonom\u00eda\u00a0en Chile.<\/p>\n<p><a href=\"http:\/\/www.abergo.org.br\/\">Asociaci\u00f3n Brasile\u00f1a de Ergonom\u00eda<\/a><br \/>\nEntidad pecado multas lucrativos con el objetivo m de estudiar la interacci\u00f3n de las Personas con la Tecnolog\u00eda y la Organizaci\u00f3n de Do Ambiente de Trabajo.<\/p>\n<p><a href=\"http:\/\/www.ergonomos.es\/\">Asociaci\u00f3n Espa\u00f1ola de Ergonom\u00eda<\/a><br \/>\nSociedad T\u00e9cnico-Cient\u00edfica de Profesionales de la Ergonom\u00eda<\/p>\n<p><a href=\"http:\/\/www.sopergo.com\/\">Sociedad Peruana de Ergonom\u00eda<\/a><br \/>\nPropicia el conocimiento y desarrollo de la ergonom\u00eda mediante actividades que impliquen incentivar la Difusi\u00f3n, Investigaci\u00f3n y la Aplicaci\u00f3n de soluciones en temas relacionados con la Ergonom\u00eda.<\/p>\n<p><a href=\"http:\/\/www.geocities.com\/capecanaveral\/6616\/adeaentrada.html\">Asociaci\u00f3n de Ergonom\u00eda Argentina<\/a><br \/>\nPropender al estudio, Investigaci\u00f3n, Divulgaci\u00f3n y Aplicaci\u00f3n Efectiva de La Ergonom\u00eda\u00a0en\u00a0la Rep\u00fablica Argentina.<\/p>\n<p><a href=\"http:\/\/www.ergonomia.cl\/sce\/\">Sociedad\u00a0Colombiana\u00a0de Ergonom\u00eda<\/a><br \/>\nLa Sociedad Colombiana\u00a0de Ergonom\u00eda Es Una Instituci\u00f3n privada, sin \u00e1nimo de lucro, de Car\u00e1cter Cient\u00edfico, fundada en mayo de 1996. Su Misi\u00f3n es desarrollar el campo de la ergonom\u00eda en Colombia.<\/p>\n<p><a href=\"http:\/\/www.seso.org.ec\/contents\/laInstitucion.htm\">Sociedad Ecuatoriana de Seguridad, Salud Ocupacional y Gesti\u00f3n Ambiental\u00a0<\/a><br \/>\nLa\u00a0SESO\u00a0es La Sociedad Ecuatoriana\u00a0de Seguridad, Salud Ocupacional y Gesti\u00f3n Ambiental, Instituci\u00f3n reconocida una Internacional Entre las Organizaciones del sector de Nivel\u00a0La Seguridad Integral.<\/p>\n<p><a href=\"http:\/\/www.ace-ergocanada.ca\/\">La ergonom\u00eda Asociaci\u00f3n Canadiense<\/a><br \/>\nEs una asociaci\u00f3n biling\u00fce de individuos y organizaciones con inter\u00e9s en la ergonom\u00eda.\u00a0Es un miembro de la Asociaci\u00f3n Internacional de Ergonom\u00eda (IEA).<\/p>\n<p>&nbsp;<\/p>\n<p><a href=\"http:\/\/www.semac.org.mx\/index.php?option=com_content&amp;view=category&amp;id=54:sitios-especializados-en-ergonomia&amp;layout=blog&amp;Itemid=73&amp;layout=default\">Sitios Especializados en Ergonom\u00eda<\/a><\/p>\n<p><a href=\"http:\/\/www.ergonomics.org.uk\/\">La Sociedad de Ergonom\u00eda<\/a><br \/>\nOrganizaci\u00f3n internacional para los profesionales Un usando el conocimiento de las capacidades y limitaciones humanas para dise\u00f1ar y construir para la comodidad, la eficiencia, la productividad y la seguridad.<\/p>\n<p><a href=\"http:\/\/www.hfes.org\/web\/Default.aspx\">Factores humanos y ergonom\u00eda Sociedad<\/a><br \/>\nLa misi\u00f3n de la Sociedad es promover el descubrimiento y el intercambio de conocimientos sobre las caracter\u00edsticas de los seres humanos que son aplicables al dise\u00f1o de los sistemas y dispositivos de todo tipo.<\/p>\n<p><a href=\"http:\/\/www.ergonet.com.br\/es\/index.php\">Ergonet<\/a><br \/>\nEs Un Sistema de Ciencias y las Tecnolog\u00edas Que Buscan La Adaptaci\u00f3n Entre el Ser Humano y Su Trabajo, buscando el fit Entre la gente, Las cosas que Hacen de Objetos Que la USO y Su Ambiente del Trabajo.<\/p>\n<p><a href=\"http:\/\/www.humanics-es.com\/recc-erg.htm#tools\">Humanics Ergonom\u00eda<\/a><br \/>\nErgonom\u00eda Recursos.<\/p>\n<p><a href=\"http:\/\/www.isoes.info\/\">Sociedad Internacional para el Trabajo Ergonom\u00eda y Seguridad<\/a><br \/>\nSe dedica a la promoci\u00f3n de la ergonom\u00eda y seguridad en el trabajo.\u00a0La sociedad es el principal patrocinador del internacional anual de ergonom\u00eda y seguridad (Conferencia ISOES).<\/p>\n<p><a href=\"http:\/\/www.environmental-ergonomics.org\/\">Sociedad Internacional de Ergonom\u00eda ambientales<\/a><br \/>\nErgonom\u00eda ambientales se centra en la interacci\u00f3n entre el usuario y su entorno f\u00edsico.<\/p>\n<p><a href=\"http:\/\/www.ergonomicsinhealthcare.org\/\">Ergon\u00f3mica prevenci\u00f3n de lesiones en los Servicios de Salud<\/a><br \/>\nEl trabajo relacionado con los trastornos musculoesquel\u00e9ticos incluyendo lesiones en la espalda y los trastornos de las extremidades superiores son los accidentes de trabajo m\u00e1s frecuentes, m\u00e1s caros y m\u00e1s f\u00e1ciles de prevenir.<\/p>\n<p>&nbsp;<\/p>\n<p><a href=\"http:\/\/www.semac.org.mx\/index.php?option=com_content&amp;view=category&amp;id=55:sitios-relacionados-con-ergonomia&amp;layout=blog&amp;Itemid=74&amp;layout=default\">Sitios Relacionados con Ergonom\u00eda<\/a><\/p>\n<p><a href=\"http:\/\/www.who.int\/en\/\">Organizaci\u00f3n Mundial de la Salud<\/a><br \/>\nOMS es la autoridad directiva y coordinadora de la salud dentro de las Naciones Unidas\u00a0sistema.<\/p>\n<p><a href=\"http:\/\/www.ilo.org\/global\/lang--es\/index.htm\">Organizaci\u00f3n Internacional del Trabajo<\/a><br \/>\nEs La agencia tripartita de la unidad ONU\u00a0y convoca una o Gobernadores, empleadores y Trabajadores de Sus Estados Miembros con el fin de Emprender: acciones destinadas CONJUNTAS un PROMOVER El Trabajo decente en El Mundo.<\/p>\n<p><a href=\"http:\/\/www.paho.org\/\">Organizaci\u00f3n Panamericana de la Salud<\/a><br \/>\nOficina Regional de la Organizaci\u00f3n Mundial\u00a0Delaware\u00a0la Salud<\/p>\n<p><a href=\"http:\/\/www.aota.org\/\">Asociaci\u00f3n Americana de Terapia Ocupacional<\/a><br \/>\nCertificaci\u00f3n AOTA dice mucho a los colegas, los empleadores y los consumidores.\u00a0Se trata de una validaci\u00f3n por parte de su organizaci\u00f3n profesional de su dedicaci\u00f3n al mantenimiento de la competencia y la calidad del servicio de entrega.<\/p>\n<p><a href=\"http:\/\/www.osha.gov\/\">Ocupacional\u00a0Seguridad\u00a0y\u00a0Salud\u00a0Administraci\u00f3n<\/a><br \/>\nLa Misi\u00f3n de OSHA es la de Asegurar La Seguridad y Salud de los Trabajadores en Am\u00e9rica Estableciendo y Haciendo Cumplir Normas, ofrecimiento de adiestramientos y Educaci\u00f3n, Estableciendo Asociaciones y Motivando a la ONU similares mejoramiento continuo en la Seguridad y Salud en el Lugar de Trabajo.<\/p>\n<p><a href=\"http:\/\/www.ugr.es\/~cerycon\/\">Cerebro, Mente y Conducta, Psicolog\u00eda Experimental y Neurociencias del Comportamiento<\/a><br \/>\nEl Programa lo Llevan un Cabo Las \u00e1reas de Psicolog\u00eda B\u00e1sica y\u00a0Psicobiologia, del Departamento de Psicolog\u00eda Experimental y Fisiolog\u00eda del Comportamiento, de la Universidad\u00a0de Granada.<\/p>\n<p><a href=\"http:\/\/ergo.human.cornell.edu\/MBergo\/schoolguide.html#risks of backpacks\">Cuergo: Escuelas ergonom\u00eda Gu\u00eda<\/a><br \/>\nUn\u00a0programa de ergonom\u00eda, en forma de directrices que se han desarrollado para los padres de ni\u00f1os en edad escolar, a partir de las necesidades identificadas por un proyecto con Blackwell\u00a0Escuela primaria\u00a0en\u00a0Redmond,\u00a0Washington.<\/p>\n<p><a href=\"http:\/\/www.sciencedirect.com\/science?_ob=JournalURL&amp;_cdi=5717&amp;_auth=y&amp;_acct=C000050221&amp;_version=1&amp;_urlVersion=0&amp;_userid=10&amp;md5=f97f0e2a25bb02c1b7b502fc30ae974c\">ScienceDirect<\/a><br \/>\nRevista Internacional de Ergonom\u00eda Industrial.<\/p>\n<p><a href=\"http:\/\/www.upassoc.org\/\">La Asociaci\u00f3n de Profesionales de Usabilidad (UPS)<\/a><br \/>\nLa UPA apoya a los que promover e impulsar el desarrollo de productos utilizables, llegar a las personas que act\u00faan como defensores de la usabilidad y la experiencia del usuario.<\/p>\n<p><a href=\"http:\/\/www.worldsafety.org\/\">Organizaci\u00f3n Mundial de la Seguridad<\/a><br \/>\nEl prop\u00f3sito de la OSM es internacionalizar todos los \u00e1mbitos de seguridad, incluyendo ocupacional y ambiental de seguridad y salud, el movimiento de prevenci\u00f3n de accidentes, etc., y para difundir en todo el mundo las pr\u00e1cticas, las habilidades, las artes y las tecnolog\u00edas de la profesi\u00f3n de seguridad y prevenci\u00f3n de accidentes.<\/p>\n<p><a href=\"http:\/\/www.factorespsicosociales.com\/\">Red de Investigadores Sobre Factores\u00a0Psicosociales\u00a0<\/a><br \/>\nAqu\u00ed encontrar\u00e1 LA INFORMACI\u00d3N M\u00e1s Actualizada Sobre el Tema y Aspectos DIVERSOS Que le podr\u00e1n SER de f utilidad en el estudio de ESTA apasionante \u00e1rea.<\/p>\n<p>&nbsp;<\/p>\n<p><a href=\"http:\/\/www.semac.org.mx\/index.php?option=com_content&amp;view=category&amp;id=56:patrocinadores-y-productos-ergonomicos&amp;layout=blog&amp;Itemid=75&amp;layout=default\">Patrocinadores y Productos Ergon\u00f3micos<\/a><\/p>\n<p><a href=\"http:\/\/www.ergoprojects.com\/\">ErgoProjects<\/a><br \/>\nLibrer\u00eda de Ergonom\u00eda con sede en M\u00e9xico.<\/p>\n","protected":false},"excerpt":{"rendered":"<p>Asociaciones Internacionales de Ergonom\u00eda Internacional de\u00a0Ergonom\u00eda\u00a0Asociaci\u00f3n La AIE\u00a0es\u00a0La Asociaci\u00f3n\u00a0Que represen profesional El Estudio y la Aplicaci\u00f3n de la ergonom\u00eda de una internacional Nivel de las Naciones Unidas. Sociedad Internacional para el Trabajo Ergonom\u00eda y Seguridad Se dedica a la promoci\u00f3n<\/p>\n","protected":false},"author":2,"featured_media":0,"parent":0,"menu_order":0,"comment_status":"open","ping_status":"open","template":"","meta":{"footnotes":""},"_links":{"self":[{"href":"http:\/\/fecacso.com\/index.php?rest_route=\/wp\/v2\/pages\/278"}],"collection":[{"href":"http:\/\/fecacso.com\/index.php?rest_route=\/wp\/v2\/pages"}],"about":[{"href":"http:\/\/fecacso.com\/index.php?rest_route=\/wp\/v2\/types\/page"}],"author":[{"embeddable":true,"href":"http:\/\/fecacso.com\/index.php?rest_route=\/wp\/v2\/users\/2"}],"replies":[{"embeddable":true,"href":"http:\/\/fecacso.com\/index.php?rest_route=%2Fwp%2Fv2%2Fcomments&post=278"}],"version-history":[{"count":2,"href":"http:\/\/fecacso.com\/index.php?rest_route=\/wp\/v2\/pages\/278\/revisions"}],"predecessor-version":[{"id":303,"href":"http:\/\/fecacso.com\/index.php?rest_route=\/wp\/v2\/pages\/278\/revisions\/303"}],"wp:attachment":[{"href":"http:\/\/fecacso.com\/index.php?rest_route=%2Fwp%2Fv2%2Fmedia&parent=278"}],"curies":[{"name":"wp","href":"https:\/\/api.w.org\/{rel}","templated":true}]}}